e the remainder when 242 is divided by 41.
37
Calculate the remainder when 1095 is divided by 50.
45
What is the remainder when 335 is divided by 42?
41
Calculate the remainder when 336 is divided by 29.
17
What is the remainder when 485 is divided by 99?
89
What is the remainder when 42 is divided by 10?
2
Calculate the remainder when 287 is divided by 61.
43
What is the remainder when 679 is divided by 68?
67
What is the remainder when 1697 is divided by 25?
22
What is the remainder when 1494 is divided by 1486?
8
Calculate the remainder when 27 is divided by 19.
8
Calculate the remainder when 151 is divided by 39.
34
Calculate the remainder when 57 is divided by 12.
9
Calculate the remainder when 42 is divided by 24.
18
What is the remainder when 698 is divided by 153?
86
Calculate the remainder when 1201 is divided by 43.
40
What is the remainder when 620 is divided by 117?
35
Calculate the remainder when 1363 is divided by 31.
30
What is the remainder when 5152 is divided by 396?
4
Calculate the remainder when 2113 is divided by 527.
5
What is the remainder when 607 is divided by 68?
63
What is the remainder when 438 is divided by 44?
42
What is the remainder when 2349 is divided by 10?
9
What is the remainder when 51 is divided by 35?
16
Calculate the remainder when 357 is divided by 72.
69
Calculate the remainder when 1581 is divided by 262.
9
Calculate the remainder when 2840 is divided by 706.
16
Calculate the remainder when 27 is divided by 17.
10
Calculate the remainder when 137 is divided by 15.
2
What is the remainder when 549 is divided by 55?
54
What is the remainder when 12219 is divided by 52?
51
Calculate the remainder when 124 is divided by 45.
34
Calculate the remainder when 298 is divided by 51.
43
What is the remainder when 99 is divided by 23?
7
What is the remainder when 2357 is divided by 2347?
10
Calculate the remainder when 62 is divided by 22.
18
Calculate the remainder when 149 is divided by 44.
17
Calculate the remainder when 137 is divided by 28.
25
Calculate the remainder when 1329 is divided by 664.
1
What is the remainder when 133 is divided by 56?
21
What is the remainder when 197 is divided by 50?
47
Calculate the remainder when 13337 is divided by 9.
8
Calculate the remainder when 302 is divided by 105.
92
What is the remainder when 59 is divided by 15?
14
What is the remainder when 543 is divided by 103?
28
Calculate the remainder when 349 is divided by 109.
22
Calculate the remainder when 13 is divided by 12.
1
Calculate the remainder when 368 is divided by 354.
14
What is the remainder when 50 is divided by 6?
2
What is the remainder when 1297 is divided by 52?
49
Calculate the remainder when 1567 is divided by 112.
111
What is the remainder when 2489 is divided by 820?
29
Calculate the remainder when 35 is divided by 15.
5
Calculate the remainder when 89 is divided by 30.
29
Calculate the remainder when 1191 is divided by 106.
25
What is the remainder when 40 is divided by 14?
12
What is the remainder when 809 is divided by 90?
89
What is the remainder when 287 is divided by 8?
7
Calculate the remainder when 3626 is divided by 107.
95
What is the remainder when 3526 is divided by 320?
6
Calculate the remainder when 885 is divided by 60.
45
What is the remainder when 1127 is divided by 6?
5
Calculate the remainder when 668 is divided by 8.
4
What is the remainder when 557 is divided by 51?
47
Calculate the remainder when 89 is divided by 15.
14
What is the remainder when 460 is divided by 396?
64
What is the remainder when 339 is divided by 108?
15
Calculate the remainder when 4236 is divided by 26.
24
What is the remainder when 71 is divided by 9?
8
Calculate the remainder when 11421 is divided by 293.
287
Calculate the remainder when 393 is divided by 57.
51
Calculate the remainder when 575 is divided by 96.
95
Calculate the remainder when 574 is divided by 33.
13
What is the remainder when 492 is divided by 60?
12
Calculate the remainder when 217 is divided by 61.
34
Calculate the remainder when 444 is divided by 206.
32
What is the remainder when 336 is divided by 133?
70
What is the remainder when 355 is divided by 90?
85
What is the remainder when 61 is divided by 24?
13
Calculate the remainder when 646 is divided by 37.
17
Calculate the remainder when 4823 is divided by 1606.
5
What is the remainder when 9 is divided by 2?
1
Calculate the remainder when 475 is divided by 34.
33
What is the remainder when 5245 is divided by 61?
60
What is the remainder when 45 is divided by 18?
9
Calculate the remainder when 153 is divided by 83.
70
What is the remainder when 18 is divided by 7?
4
Calculate the remainder when 370 is divided by 135.
100
Calculate the remainder when 285 is divided by 136.
13
What is the remainder when 93 is divided by 26?
15
Calculate the remainder when 120 is divided by 35.
15
Calculate the remainder when 359 is divided by 100.
59
Calculate the remainder when 647 is divided by 86.
45
Calculate the remainder when 7533 is divided by 55.
53
Calculate the remainder when 15181 is divided by 241.
239
Calculate the remainder when 167 is divided by 41.
3
Calculate the remainder when 2410 is divided by 183.
31
What is the remainder when 1751 is divided by 5?
1
What is the remainder when 40 is divided by 16?
8
What is the remainder when 72 is divided by 19?
15
What is the remainder when 376 is divided by 369?
7
Calculate the remainder when 102 is divided by 46.
10
Calculate the remainder when 330 is divided by 28.
22
What is the remainder when 3815 is divided by 212?
211
Calculate the remainder when 2375 is divided by 72.
71
What is the remainder when 996 is divided by 328?
12
Calculate the remainder when 126 is divided by 51.
24
Calculate the remainder when 176 is divided by 15.
11
Calculate the remainder when 622 is divided by 39.
37
What is the remainder when 274 is divided by 149?
125
What is the remainder when 1138 is divided by 189?
4
Calculate the remainder when 4480 is divided by 19.
15
What is the remainder when 644 is divided by 83?
63
What is the remainder when 111 is divided by 98?
13
What is the remainder when 478 is divided by 20?
18
Calculate the remainder when 514 is divided by 14.
10
What is the remainder when 9400 is divided by 7?
6
Calculate the remainder when 1139 is divided by 11.
6
What is the remainder when 7828 is divided by 45?
43
What is the remainder when 652 is divided by 45?
22
What is the remainder when 274 is divided by 159?
115
What is the remainder when 7997 is divided by 8?
5
Calculate the remainder when 198 is divided by 7.
2
Calculate the remainder when 6417 is divided by 7.
5
What is the remainder when 567 is divided by 18?
9
What is the remainder when 1507 is divided by 501?
4
What is the remainder when 177 is divided by 88?
1
Calculate the remainder when 1301 is divided by 35.
6
Calculate the remainder when 2308 is divided by 30.
28
What is the remainder when 319 is divided by 14?
11
What is the remainder when 856 is divided by 96?
88
What is the remainder when 1386 is divided by 343?
14
What is the remainder when 159 is divided by 8?
7
What is the remainder when 65 is divided by 11?
10
What is the remainder when 236 is divided by 16?
12
What is the remainder when 87 is divided by 30?
27
What is the remainder when 70862 is divided by 69?
68
Calculate the remainder when 4686 is divided by 10.
6
Calculate the remainder when 157 is divided by 20.
17
Calculate the remainder when 353 is divided by 51.
47
What is the remainder when 1017 is divided by 12?
9
Calculate the remainder when 230 is divided by 135.
95
Calculate the remainder when 638 is divided by 107.
103
Calculate the remainder when 2704 is divided by 27.
4
What is the remainder when 1814 is divided by 53?
12
Calculate the remainder when 8159 is divided by 10.
9
Calculate the remainder when 28904 is divided by 9.
5
What is the remainder when 692 is divided by 77?
76
What is the remainder when 363 is divided by 48?
27
What is the remainder when 70 is divided by 11?
4
Calculate the remainder when 986 is divided by 41.
2
Calculate the remainder when 71 is divided by 11.
5
What is the remainder when 343 is divided by 112?
7
Calculate the remainder when 38 is divided by 25.
13
Calculate the remainde